{"applied_filters":{"end_date":"","lang":"","language":"","network":"Mart\u00ed Noticias","page":9,"per_page":20,"search":"","source":"","start_date":"","topic":"","type":"video"},"available_filters":{"language_choices":[{"label":"Choose Language","value":""},{"label":"English","value":"English"},{"label":"Espa\u00f1ol","value":"Espa\u00f1ol"}],"network_choices":[{"label":"All networks","value":""},{"label":"Mart\u00ed Noticias","value":"Mart\u00ed Noticias"}],"source_choices":[{"label":"All sources","value":""},{"label":"Manual Ocb Espanol","value":"manual_ocb_espanol"},{"label":"Mart\u00ed Noticias Video","value":"ocb_spanish_video_scrape"},{"label":"Mart\u00ed Noticias RSS","value":"radiotelevisionmarti_com_rss"},{"label":"TV Mart\u00ed Noticias YouTube","value":"tv_marti_noticias_youtube_playlists"}],"sources":["manual_ocb_espanol","ocb_spanish_video_scrape","radiotelevisionmarti_com_rss","tv_marti_noticias_youtube_playlists"],"topics":["Am\u00e9rica Latina, VENEZUELA, Maiquetia","Asuntos de Estado","Audiovisuales Mart\u00ed","Audiovisuales Mart\u00ed, Cuba turismo, crisis del turismo en Cuba","Audiovisuales Mart\u00ed, VENEZUELA, apagones","Como Come Cuba, cuba, Como Come Cuba","Cuba Habla","Cuba Habla, Cuba","Cuba al D\u00eda, Cuba","Derechos Humanos, cuba, exilio, c\u00e1ncer, Ram\u00f3n Sa\u00fal S\u00e1nchez","Especiales, Exilio cubano, Freedom tower, \"Libertad\", Torre de la Libertad de Miami, Exilio cubano en Miami","Especiales, jos\u00e9 mart\u00ed, Exilio cubano","Esperando un techo, cuba, crisis, vivienda, derrumbes, techo, paredes, EsperandounTecho","Info Mart\u00ed","Info Mart\u00ed , Brigada 2506","Info Mart\u00ed , Cuba","Info Mart\u00ed , Estados Unidos, Colombia","Info Mart\u00ed , Estados Unidos, VENEZUELA","Info Mart\u00ed , estados unidos, Venezuela","Info Mart\u00ed , presos politicos, torturas, VENEZUELA","Kentu-Cubano, cuba, cubanos, Kentucky, migrantes, KentoCubano","Las Noticias Como Son, Cuba","Mart\u00ed Noticias AM","Mart\u00ed en el Mundial 2026","Noticiero Mart\u00ed Noticias","Noticiero Mart\u00ed Noticias, Cuba","Ser Madre en cuba, cuba, hambre, r\u00e9gimen, madre, negligencia, Testimonios, Crisis Econ\u00f3mica, madre cubana, Crisis Alimentaria","Ser viejo en Cuba, cuba, cubanos, crisis, alimentos, ancianos, viejos, vejez"],"types":[["","All types"],["article","Articles"],["audio","Audio"],["video","Videos"],["clips","Clips"],["media","Media"]]},"has_next":false,"has_prev":true,"items":[{"article_body_paragraphs":[],"audio_source_url":null,"author":"Mart\u00ed Noticias","available_dubs":[],"downloadable_assets":["https://ocb-video-ns.akamaized.net/pangeavideo/2024/08/0/01/01000000-c0a8-0242-0249-08dcb3349249_1080p.mp4?cb=ede3f41d5"],"duration_display":"2:34","duration_seconds":154.0,"embed_url":null,"id":12745,"image_caption":null,"image_url":"https://gdb.martinoticias.com/01000000-c0a8-0242-0249-08dcb3349249_tv_w1080_h608.jpg","is_clip":true,"is_youtube_embed":false,"item_type":"video","item_type_label":"Video","language_label":"Espa\u00f1ol","media_credit":"Mart\u00ed Noticias","micro_label":"Video report","micro_label_kind":"video","network_label":"Mart\u00ed Noticias","network_logo_url":"/static/uploads/direct_network_logos/ocb_0888427dcb1d.svg","published_at":"2024-08-04T14:00:00","published_at_display":"4 Aug 2024, 14:00 GMT","sequence_badge_label":null,"sequence_count":null,"sequence_count_label":null,"sequence_frames":[],"sequence_kind":null,"source_name":"ocb_spanish_video_scrape","source_name_label":"Mart\u00ed Noticias Video","source_type":"scrape","summary":"En esta primera entrega de la serie audiovisual \u201cComo come Cuba\u201d una joven youtuber habla de la oferta, precios y abastecimiento de los comestibles en la isla y de la \u201clibreta\u201d.","title":"Como Come Cuba, Cap\u00edtulo #1","topic":"Como Come Cuba, cuba, Como Come Cuba","translation_language":"","url":"https://www.martinoticias.com/a/como-come-cuba-cap%C3%ADtulo-1/396632.html","video_url":"https://ocb-video-ns.akamaized.net/pangeavideo/2024/08/0/01/01000000-c0a8-0242-0249-08dcb3349249_1080p.mp4?cb=ede3f41d5","youtube_conversion_active":false,"youtube_conversion_error":"","youtube_conversion_status":""},{"article_body_paragraphs":[],"audio_source_url":null,"author":"Ricardo Quintana","available_dubs":[],"downloadable_assets":["https://ocb-video-ns.akamaized.net/pangeavideo/2024/04/0/01/01000000-0aff-0242-b229-08dc65495ac8_1080p.mp4?cb=edddea054"],"duration_display":"11:27","duration_seconds":687.0,"embed_url":null,"id":12744,"image_caption":null,"image_url":"https://gdb.martinoticias.com/01000000-0aff-0242-b229-08dc65495ac8_tv_w1080_h608.jpg","is_clip":false,"is_youtube_embed":false,"item_type":"video","item_type_label":"Video","language_label":"Espa\u00f1ol","media_credit":"Ricardo Quintana","micro_label":"Video report","micro_label_kind":"video","network_label":"Mart\u00ed Noticias","network_logo_url":"/static/uploads/direct_network_logos/ocb_0888427dcb1d.svg","published_at":"2024-04-25T18:58:43","published_at_display":"25 Apr 2024, 18:58 GMT","sequence_badge_label":null,"sequence_count":null,"sequence_count_label":null,"sequence_frames":[],"sequence_kind":null,"source_name":"ocb_spanish_video_scrape","source_name_label":"Mart\u00ed Noticias Video","source_type":"scrape","summary":"Dos jovencitas cubanas demuestran que la mec\u00e1nica no tiene g\u00e9nero y abuelos nacidos en Cuba perviven con intensidad en Louisville, Kentucky.","title":"Kentu-Cubano: Cap\u00edtulo Final","topic":"Kentu-Cubano, cuba, cubanos, Kentucky, migrantes, KentoCubano","translation_language":"","url":"https://www.martinoticias.com/a/kentu-cubanos-cap%C3%ADtulo-final/389184.html","video_url":"https://ocb-video-ns.akamaized.net/pangeavideo/2024/04/0/01/01000000-0aff-0242-b229-08dc65495ac8_1080p.mp4?cb=edddea054","youtube_conversion_active":false,"youtube_conversion_error":"","youtube_conversion_status":""},{"article_body_paragraphs":[],"audio_source_url":null,"author":"Mart\u00ed Noticias","available_dubs":[],"downloadable_assets":["https://ocb-video-ns.akamaized.net/pangeavideo/2024/01/0/01/01000000-0aff-0242-c3a3-08dc1e91ee5e_1080p.mp4?cb=ede068939"],"duration_display":"10:43","duration_seconds":643.0,"embed_url":null,"id":12743,"image_caption":null,"image_url":"https://gdb.martinoticias.com/01000000-0aff-0242-c3a3-08dc1e91ee5e_tv_w1080_h608.jpg","is_clip":false,"is_youtube_embed":false,"item_type":"video","item_type_label":"Video","language_label":"Espa\u00f1ol","media_credit":"Mart\u00ed Noticias","micro_label":"Video report","micro_label_kind":"video","network_label":"Mart\u00ed Noticias","network_logo_url":"/static/uploads/direct_network_logos/ocb_0888427dcb1d.svg","published_at":"2024-01-26T18:28:43","published_at_display":"26 Jan 2024, 18:28 GMT","sequence_badge_label":null,"sequence_count":null,"sequence_count_label":null,"sequence_frames":[],"sequence_kind":null,"source_name":"ocb_spanish_video_scrape","source_name_label":"Mart\u00ed Noticias Video","source_type":"scrape","summary":"El gobierno de Cuba implant\u00f3 hace d\u00e9cadas un sistema de viviendas p\u00fablicas conocidas popularmente como \u201calbergues\u201d, donde residen familias a la espera de una vivienda. La serie audiovisual \u201cEsperando un techo\u201d aborda el tema con im\u00e1genes y testimonios grabados en la isla.","title":"Esperando un techo: Damas y Desamparados | Cap\u00edtulo 1","topic":"Esperando un techo, cuba, crisis, vivienda, derrumbes, techo, paredes, EsperandounTecho","translation_language":"","url":"https://www.martinoticias.com/a/esperando-un-techo-damas-y-desamparados---cap%C3%ADtulo-1/382192.html","video_url":"https://ocb-video-ns.akamaized.net/pangeavideo/2024/01/0/01/01000000-0aff-0242-c3a3-08dc1e91ee5e_1080p.mp4?cb=ede068939","youtube_conversion_active":false,"youtube_conversion_error":"","youtube_conversion_status":""},{"article_body_paragraphs":[],"audio_source_url":null,"author":"Mart\u00ed Noticias","available_dubs":[],"downloadable_assets":["https://ocb-video-ns.akamaized.net/pangeavideo/2023/11/0/01/01000000-0aff-0242-f466-08dbdf11e0b5_1080p.mp4?cb=ede209679"],"duration_display":"4:33","duration_seconds":273.0,"embed_url":null,"id":12741,"image_caption":null,"image_url":"https://gdb.martinoticias.com/01000000-0aff-0242-f466-08dbdf11e0b5_tv_w1080_h608.jpg","is_clip":true,"is_youtube_embed":false,"item_type":"video","item_type_label":"Video","language_label":"Espa\u00f1ol","media_credit":"Mart\u00ed Noticias","micro_label":"Video report","micro_label_kind":"video","network_label":"Mart\u00ed Noticias","network_logo_url":"/static/uploads/direct_network_logos/ocb_0888427dcb1d.svg","published_at":"2023-11-06T22:13:12","published_at_display":"6 Nov 2023, 22:13 GMT","sequence_badge_label":null,"sequence_count":null,"sequence_count_label":null,"sequence_frames":[],"sequence_kind":null,"source_name":"ocb_spanish_video_scrape","source_name_label":"Mart\u00ed Noticias Video","source_type":"scrape","summary":"\u201cSer madre en Cuba\u201d una serie con testimonios grabados en la isla. En esta entrega una joven madre que vive en el campo cuenta las dificultades que enfrenta para criar a sus hijas en medio de precarias condiciones de vida","title":"\u201cSer madre en Cuba\u201d, episodio 4","topic":"Ser Madre en cuba, cuba, hambre, r\u00e9gimen, madre, negligencia, Testimonios, Crisis Econ\u00f3mica, madre cubana, Crisis Alimentaria","translation_language":"","url":"https://www.martinoticias.com/a/ser-madre-en-cuba-/376612.html","video_url":"https://ocb-video-ns.akamaized.net/pangeavideo/2023/11/0/01/01000000-0aff-0242-f466-08dbdf11e0b5_1080p.mp4?cb=ede209679","youtube_conversion_active":false,"youtube_conversion_error":"","youtube_conversion_status":""},{"article_body_paragraphs":[],"audio_source_url":null,"author":"Janet Lomba/ Especial para martinoticias.com","available_dubs":[],"downloadable_assets":["https://ocb-video-ns.akamaized.net/pangeavideo/2023/08/0/01/01000000-0aff-0242-d915-08db9f54cbee_1080p.mp4?cb=edc829411"],"duration_display":"3:54","duration_seconds":234.0,"embed_url":null,"id":12742,"image_caption":null,"image_url":"https://gdb.martinoticias.com/01000000-0aff-0242-d915-08db9f54cbee_tv_w1080_h608.jpg","is_clip":true,"is_youtube_embed":false,"item_type":"video","item_type_label":"Video","language_label":"Espa\u00f1ol","media_credit":"Janet Lomba/ Especial para martinoticias.com","micro_label":"Video report","micro_label_kind":"video","network_label":"Mart\u00ed Noticias","network_logo_url":"/static/uploads/direct_network_logos/ocb_0888427dcb1d.svg","published_at":"2023-08-18T14:42:15","published_at_display":"18 Aug 2023, 14:42 GMT","sequence_badge_label":null,"sequence_count":null,"sequence_count_label":null,"sequence_frames":[],"sequence_kind":null,"source_name":"ocb_spanish_video_scrape","source_name_label":"Mart\u00ed Noticias Video","source_type":"scrape","summary":"Im\u00e1genes grabadas en Cuba de las condiciones de vida de personas de la tercera edad, protagonizan la serie de Mart\u00ed Noticias \u201cSer viejo en Cuba\u201d. En la primera entrega, el testimonio del jubilado cubano Jes\u00fas Mar\u00eda y declaraciones de analistas sobre el tema.","title":"\u201cSer viejo en Cuba\u201d una serie audiovisual de Mart\u00ed Noticias","topic":"Ser viejo en Cuba, cuba, cubanos, crisis, alimentos, ancianos, viejos, vejez","translation_language":"","url":"https://www.martinoticias.com/a/ser-viejo-en-cuba-una-serie-audiovisual-de-mart%C3%AD-noticias/367321.html","video_url":"https://ocb-video-ns.akamaized.net/pangeavideo/2023/08/0/01/01000000-0aff-0242-d915-08db9f54cbee_1080p.mp4?cb=edc829411","youtube_conversion_active":false,"youtube_conversion_error":"","youtube_conversion_status":""}],"next_num":null,"page":9,"pages":9,"per_page":20,"prev_num":8,"total":165}

Martí Noticias

Español

Martí Noticias Video

Martí Noticias RSS

TV Martí Noticias YouTube

América Latina, VENEZUELA, Maiquetia

Audiovisuales Martí

Audiovisuales Martí, Cuba turismo, crisis del turismo en Cuba

Audiovisuales Martí, VENEZUELA, apagones

Cuba al Día, Cuba

Derechos Humanos, cuba, exilio, cáncer, Ramón Saúl Sánchez

Especiales, josé martí, Exilio cubano

Info Martí

Info Martí , Brigada 2506

Info Martí , Cuba

Info Martí , Estados Unidos, Colombia

Info Martí , Estados Unidos, VENEZUELA

Info Martí , estados unidos, Venezuela

Info Martí , presos politicos, torturas, VENEZUELA

Martí Noticias AM

Martí en el Mundial 2026

Noticiero Martí Noticias

Noticiero Martí Noticias, Cuba

Ser Madre en cuba, cuba, hambre, régimen, madre, negligencia, Testimonios, Crisis Económica, madre cubana, Crisis Alimentaria

Como Come Cuba, Capítulo #1

Dos jovencitas cubanas demuestran que la mecánica no tiene género y abuelos nacidos en Cuba perviven con intensidad en Louisville, Kentucky.

Kentu-Cubano: Capítulo Final

El gobierno de Cuba implantó hace décadas un sistema de viviendas públicas conocidas popularmente como “albergues”, donde residen familias a la espera de una vivienda. La serie audiovisual “Esperando un techo” aborda el tema con imágenes y testimonios grabados en la isla.

Esperando un techo: Damas y Desamparados | Capítulo 1

Imágenes grabadas en Cuba de las condiciones de vida de personas de la tercera edad, protagonizan la serie de Martí Noticias “Ser viejo en Cuba”. En la primera entrega, el testimonio del jubilado cubano Jesús María y declaraciones de analistas sobre el tema.

“Ser viejo en Cuba” una serie audiovisual de Martí Noticias
